4609 a multiple of 26?
False
Is 1201 a multiple of 6?
False
Does 38 divide 91078?
False
Is 21 a factor of 60510?
False
Does 32 divide 576?
True
Is 69 a factor of 1014?
False
Is 9 a factor of 11554?
False
Is 32440 a multiple of 18?
False
Does 40 divide 1741?
False
Is 672 a multiple of 48?
True
Is 9 a factor of 3369?
False
Is 97 a factor of 11931?
True
Is 5 a factor of 635?
True
Is 29 a factor of 744?
False
Does 87 divide 7482?
True
Is 607 a multiple of 59?
False
Is 39127 a multiple of 9?
False
Does 11 divide 737?
True
Does 98 divide 5549?
False
Does 11 divide 176?
True
Is 102 a factor of 2464?
False
Does 96 divide 825?
False
Is 13080 a multiple of 52?
False
Is 70065 a multiple of 44?
False
Does 17 divide 20650?
False
Does 9 divide 2489?
False
Is 5 a factor of 415?
True
Does 19 divide 844?
False
Is 24 a factor of 1271?
False
Is 74 a factor of 31894?
True
Does 150 divide 28081?
False
Does 12 divide 12554?
False
Is 504 a multiple of 6?
True
Is 25 a factor of 1850?
True
Is 8 a factor of 925?
False
Is 16 a factor of 848?
True
Is 21 a factor of 67?
False
Is 3 a factor of 10625?
False
Does 7 divide 1435?
True
Does 6 divide 8286?
True
Does 43 divide 1847?
False
Is 21014 a multiple of 7?
True
Does 7 divide 13895?
True
Is 28 a factor of 784?
True
Does 56 divide 1815?
False
Is 2 a factor of 6768?
True
Is 34 a factor of 206?
False
Does 34 divide 1088?
True
Is 7 a factor of 476?
True
Is 815 a multiple of 25?
False
Is 30196 a multiple of 117?
False
Does 38 divide 20047?
False
Is 19 a factor of 7130?
False
Is 183 a factor of 3256?
False
Is 26 a factor of 45474?
True
Does 15 divide 2835?
True
Does 15 divide 11145?
True
Does 14 divide 21798?
True
Is 2592 a multiple of 54?
True
Is 300 a multiple of 30?
True
Is 85040 a multiple of 40?
True
Is 19 a factor of 150?
False
Is 6256 a multiple of 16?
True
Does 11 divide 40963?
False
Does 11 divide 734?
False
Does 20 divide 54?
False
Is 59860 a multiple of 73?
True
Is 402 a multiple of 14?
False
Does 16 divide 724?
False
Does 6 divide 202?
False
Does 377 divide 33974?
False
Is 10 a factor of 12913?
False
Does 12 divide 4596?
True
Is 24 a factor of 616?
False
Does 20 divide 38018?
False
Does 13 divide 2301?
True
Does 70 divide 1203?
False
Does 9 divide 25632?
True
Does 37 divide 185?
True
Is 53 a factor of 312?
False
Does 26 divide 676?
True
Does 7 divide 168?
True
Is 14 a factor of 532?
True
Does 77 divide 16408?
False
Is 59 a factor of 39060?
False
Does 20 divide 1563?
False
Is 24 a factor of 8226?
False
Is 2310 a multiple of 22?
True
Is 90 a factor of 20520?
True
Is 211 a factor of 844?
True
Does 89 divide 3471?
True
Does 11 divide 65932?
False
Is 45 a factor of 11966?
False
Is 22244 a multiple of 67?
True
Does 84 divide 3262?
False
Is 55 a multiple of 5?
True
Does 62 divide 8370?
True
Is 400 a multiple of 28?
False
Is 728 a multiple of 4?
True
Does 45 divide 90?
True
Is 177 a factor of 12390?
True
Is 43974 a multiple of 14?
True
Does 45 divide 540?
True
Is 91 a multiple of 7?
True
Does 26 divide 8580?
True
Is 34015 a multiple of 63?
False
Is 2113 a multiple of 65?
False
Is 1245 a multiple of 15?
True
Is 58539 a multiple of 154?
False
Is 52 a factor of 1345?
False
Is 1316 a multiple of 28?
True
Does 181 divide 17919?
True
Does 13 divide 36075?
True
Is 76 a factor of 6840?
True
Does 109 divide 25070?
True
Is 84 a factor of 19488?
True
Is 152 a factor of 11477?
False
Is 18 a factor of 434?
False
Is 46257 a multiple of 33?
False
Is 69 a multiple of 6?
False
Is 25 a factor of 1239?
False
Does 30 divide 18045?
False
Is 4362 a multiple of 77?
False
Is 12 a factor of 792?
True
Is 323 a multiple of 17?
True
Does 42 divide 25452?
True
Is 25992 a multiple of 17?
False
Is 9 a factor of 423?
True
Is 357 a multiple of 21?
True
Is 10 a factor of 120?
True
Is 598 a multiple of 13?
True
Is 2650 a multiple of 44?
False
Does 20 divide 4331?
False
Is 47559 a multiple of 24?
False
Is 78 a factor of 1404?
True
Does 8 divide 97?
False
Does 110 divide 1941?
False
Is 639 a multiple of 5?
False
Is 860 a multiple of 61?
False
Is 38 a factor of 1194?
False
Is 16 a factor of 4304?
True
Does 28 divide 1792?
True
Is 97 a factor of 25081?
False
Does 54 divide 17442?
True
Does 21 divide 727?
False
Does 11 divide 20499?
False
Is 226 a multiple of 31?
False
Is 7557 a multiple of 34?
False
Is 70 a factor of 4021?
False
Does 7 divide 154?
True
Is 7 a factor of 21716?
False
Does 26 divide 2490?
False
Is 1738 a multiple of 41?
False
Is 11260 a multiple of 4?
True
Is 2 a factor of 97?
False
Does 28 divide 11529?
False
Is 215 a multiple of 15?
False
Does 12 divide 3811?
False
Is 10 a factor of 1010?
True
Is 13 a factor of 23283?
True
Is 19526 a multiple of 13?
True
Is 80 a multiple of 5?
True
Is 9 a factor of 837?
True
Is 6179 a multiple of 15?
False
Is 2912 a multiple of 8?
True
Is 18 a factor of 270?
True
Is 97 a multiple of 4?
False
Is 19 a factor of 41?
False
Does 13 divide 156?
True
Is 44032 a multiple of 172?
True
Does 18 divide 16614?
True
Is 38519 a multiple of 27?
False
Is 2581 a multiple of 20?
False
Is 240 a multiple of 24?
True
Is 20304 a multiple of 198?
False
Is 8825 a multiple of 184?
False
Does 235 divide 17382?
False
Does 5 divide 369?
False
Is 6059 a multiple of 148?
False
Is 2860 a multiple of 11?
True
Is 42696 a multiple of 36?
True
Is 7737 a multiple of 12?
False
Does 4 divide 960?
True
Does 19 divide 14309?
False
Does 46 divide 135?
False
Is 14241 a multiple of 13?
False
Is 319 a multiple of 4?
False
Does 58 divide 11157?
False
Is 21 a factor of 1047?
False
Does 13 divide 468?
True
Is 2062 even?
True
Does 39 divide 80936?
False
Is 1296 a multiple of 72?
True
Does 5 divide 160?
True
Does 83 divide 1379?
False
Is 21 a factor of 1302?
True
Is 32262 a multiple of 140?
False
Is 507 a multiple of 8?
False
Does 8 divide 14138?
False
Does 76 divide 15568?
False
Does 22 divide 559?
False
Is 86478 a multiple of 87?
True
Is 31 a factor of 509?
False
Is 113 a factor of 1526?
False
Is 341 a multiple of 37?
False
Is 49 a factor of 936?
False
Does 26 divide 408?
False
Is 30895 a multiple of 167?
True
Is 23 a factor of 2300?
True
Is 5538 a multiple of 26?
True
Does 40 divide 480?
True
Does 40 divide 747?
False
Is 2 a factor of 132?
True
Does 219 divide 54835?
False
Is 2178 a multiple of 10?
False
Does 8 divide 824?
True
Is 126 a multiple of 3?
True
Does 314 divide 25833?
False
Is 21 a multiple of 15?
False
Is 3367 a multiple of 91?
True
Does 6 divide 1515?
False
Does 32 divide 992?
True
Does 9 divide 97?
False
Is 4 a factor of 623?
False
Is 5717 a multiple of 146?
False
Does 11 divide 5379?
True
Does 12 divide 42552?
True
Is 736 a multiple of 32?
True
Is 18 a factor of 72?
True
Does 63 divide 32886?
True
Is 59 a factor of 413?
True
Is 24 a factor of 40387?
False
Is 11 a factor of 14751?
True
Is 5456 a multiple of 13?
False
Is 102 a factor of 5100?
True
Does 25 divide 1175?
True
Does 67 divide 2626?
False
Does 21 divide 420?
True
Is 6 a factor of 72?
True
Is 42 a factor of 378?
True
Does 272 divide 97104?
True
Is 83 a factor of 13291?
False
Is 1524 a multiple of 33?
False
Is 16 a multiple of 4?
True
Is 2 a factor of 97?
False
Is 199 a factor of 118007?
True
Does 35 divide 30609?
False
Does 33 divide 741?
False
Is 8008 a multiple of 77?
True
Does 14 divide 770?
True
Does 46 divide 19192?
False
Does 13 divide 1378?
True
Is 29 a factor of 1920?
False
Does 29 divide 2753?
False
Is 30 a factor of 19147?
False
Does 6 divide 1447?
False
Is 11 a factor of 904?
False
Is 5073 a multiple of 6?
False
Does 14 divide 2464?
True
Is 88 a factor of 18128?
True
Is 371 a factor of 20730?
False
Does 56 divide 9352?
True
Is 13 a factor of 689?
True
Is 31 a multiple of 4?
False
Is 97 a factor of 7566?
True
Is 5 a factor of 750?
True
Is 15 a factor of 3407?
False
Is 1476 a multiple of 36?
True
Does 13 divide 37?
False
Is 2688 a multiple of 29?
False
Is 3 a factor of 320?
False
Does 22 divide 303?
False
Is 62 a factor of 7252?
False
Does 83 divide 1079?
True
Is 32 a factor of 493?
False
Is 7000 a multiple of 35?
True
Is 7 a factor of 12943?
True
Is 544 a multiple of 14?
False
Is 157 a factor of 1256?
True
Is 57456 a multiple of 112?
True
Does 34 divide 4998?
True
Is 27 a factor of 815?
False
Does 4 divide 5531?
False
Is 3 a factor of 11?
False
Is 18564 a multiple of 4?
Tr